.
1
Let h(c) = -24*c**2 + c**3 - 22*c**2 + 41*c**2. Give h(5).
0
Suppose 3*r = 0, c + 3*r + 0 = -3. Let u(a) = 2*a - 1. Give u(c).
-7
Let i(a) = 2*a**2 - 4*a + 5. Suppose 5*c - 2 = -22. Let j(p) = 2*p**2 - 5*p + 6. Let m(w) = c*j(w) + 5*i(w). What is m(1)?
3
Let r(b) = -b - 4. Let a = -7 - -11. Suppose 0 = a*k + 10 + 6. Calculate r(k).
0
Let j = 13 + -10. Let k(r) = 9 - 3 - j*r + 2*r. Determine k(5).
1
Let x(z) = -z**3 - z**2 - 2*z + 5. Let u be x(0). Let g(p) = p**3 - 6*p**2 + 4*p + 2. What is g(u)?
-3
Let f(a) = a**3 - 6*a**2 + 5*a + 6. Suppose 5*x + 17 - 87 = 0. Let k(w) = -10*w**3 + 2*w**2 - w. Let o be k(1). Let l = o + x. Calculate f(l).
6
Let r(j) be the first derivative of -j**4/4 + 2*j**3 + j**2 - 6*j + 7. Determine r(6).
6
Let w(q) = q - 3. Suppose t + 0*y = -2*y, 0 = -3*y - 3. Let b = t - -3. What is w(b)?
2
Let v = 1 + 1. Let q(i) = v + 6 - 3*i + 2*i. What is q(0)?
8
Suppose 2*g + 0 - 2 = 0. Let z(t) = t**2 - 9*t + 17. Let l be z(7). Let c(a) = -5*a**l + 8*a - 4*a**3 + a**2 - 9*a + a**2. Give c(g).
-8
Let i(q) = -2*q**3 + 3*q**2 - 1. Suppose m + 35 = 37. Determine i(m).
-5
Let z(u) = -u**3 + 4*u**2 + 5*u + 6. Suppose -2*t = -0*t - 2*j + 16, -3*t + 4*j = 27. Let i(g) = -g. Let s be i(t). Give z(s).
6
Let r(d) be the third derivative of d**6/120 + d**5/60 - d**3/3 - 12*d**2. Give r(2).
10
Suppose 4*g - 9 - 7 = 0. Suppose -2*x - g*x = 0. Let h(s) = -s + 2. What is h(x)?
2
Suppose 5*d = -20, -4*m + 18 = -2*m - 5*d. Let g(k) = k - 1. Let j(u) = -u**2 - 8*u + 3. Let h(b) = m*j(b) - 5*g(b). What is h(-3)?
2
Let l(u) = -3*u - 5. Let o be l(-4). Let v(j) = 2 + o*j - 4*j + 5 - 3. Determine v(-3).
-5
Let a(s) = -s**3 + 5*s**2 + 3*s - 1. Let h(k) = k**2 - 1. Let q = -2 - -4. Let r(i) = q*h(i) - a(i). Suppose 0 = 2*t + t - 12. Give r(t).
3
Let q(d) = 5*d**2 - 4*d + 8. Let w(h) = -6*h**2 + 5*h - 9. Let k(p) = 5*q(p) + 4*w(p). What is k(0)?
4
Suppose -9 = -2*n - 3*q, 6*n - 10 = n + 5*q. Let x(k) = 0*k + 3 - 9*k - n*k**2 + k**3 + 5*k. Determine x(4).
3
Let z(s) = s. Let f(l) = -7*l - 9. Let y(h) = f(h) + 6*z(h). Give y(-8).
-1
Let z(w) = w**2 - 5*w - 4. Let c be z(6). Let h(b) = 4*b**3 + 2*b + 1 - c*b**3 + b**2 - 3*b**3. What is h(-2)?
9
Let i(f) be the second derivative of -f**8/6720 + f**7/630 + f**6/720 - f**5/120 - f**4/3 - 7*f. Let p(s) be the third derivative of i(s). Give p(4).
3
Let x(a) = -3*a**2 - 1 + 2 + 7*a**2. Give x(1).
5
Suppose 0*n + n = 5. Suppose -n*p = -p + 12. Let x(s) = -s + 2. Calculate x(p).
5
Let o be 2/(-6) + (-14)/(-6). Let x = 5 - o. Let k(u) = -4*u - u**2 + 0*u + 0*u - x. Determine k(-3).
0
Let m(c) = 5*c - 2. Let i(d) = -35*d + 15. Let t(b) = 2*i(b) + 15*m(b). Suppose 0 = 5*k + 3 - 18. Let g be ((-2)/6)/((-1)/k). Give t(g).
5
Let q(p) = -p**3 + p**2 - p - 1. Let h(g) = -6*g**3 - 10*g - 10. Let u(b) = -h(b) + 5*q(b). What is u(-4)?
1
Let h(p) = 4 - p + 8 + 5 - 16. Calculate h(-5).
6
Suppose -35 = -5*b - 10. Suppose -9 = -3*f - n, 5*f = f + 3*n + 25. Let u(k) = -2*k - 3*k**2 - k + f*k**2 - 7. Calculate u(b).
3
Suppose 3*h + 18 = 5*p + 5*h, 5*p - 25 = 5*h. Let s(z) = -z**2 - 4*z - 2. Let x(y) = -y**2 - 4*y - 3. Let i(d) = p*s(d) - 3*x(d). Give i(-4).
1
Let s be (-6 - 0)*6/(-9). Let b be 114/(-42) + s/(-14). Let f(m) = -m**3 - 4*m**2 - 5*m - 3. Calculate f(b).
3
Let k(w) = -3 + 2 + 4*w**2 + 3*w + w**3 + 9*w - 14*w. Determine k(-4).
7
Let r(k) be the first derivative of -k**2/2 - 6*k + 23. Calculate r(-4).
-2
Let l(r) = 9*r**2 - r. Let k be l(1). Suppose -k + 0 = 2*f. Let y(j) = j**2 + 2*j - 4. Determine y(f).
4
Let q(a) = -23 + 2*a - 29 + 51. Let u(w) = w**2 + 6*w + 3. Let x be u(-5). Give q(x).
-5
Let p(n) be the third derivative of n**4/24 - 2*n**3/3 - 2*n**2. Let w(g) = g**2 + 8*g + 6. Let s be w(-8). Determine p(s).
2
Let h(v) = -3*v - v - 4*v. Let g(k) = -4*k. Let s(f) = f**2 - 5*f - 6. Let t be s(5). Let c(w) = t*h(w) + 11*g(w). Calculate c(1).
4
Let b(n) = -n**3 - 4*n**2 + 6*n - 6. Let g be (7 - 7) + (-10)/2. Calculate b(g).
-11
Let r(w) = -w**3 + 5*w**2 + 2*w - 6. Let t be 399/77 + 4/(-22). Calculate r(t).
4
Let j(c) be the second derivative of -4*c + 0 - 1/3*c**3 + 1/2*c**2. Let m = 3 + -4. What is j(m)?
3
Suppose 0 = -5*v - 5*p + 4 + 11, -v = 4*p + 3. Let m(j) = 6*j**3 - 6*j**2 + 11*j + 6. Let g(l) = -l**3 - l - 1. Let r(b) = 5*g(b) + m(b). What is r(v)?
6
Let w(l) = -5*l - 1. Let n(u) = u - 1. Let m(g) = -6*n(g) - w(g). Calculate m(7).
0
Let l(t) = t + 1. Let k(f) be the second derivative of f**5/20 - 3*f**4/4 + 7*f**3/6 + f**2 + 11*f. Let m be 1/(3/(-2))*-12. Let w be k(m). What is l(w)?
-5
Let b(q) = q**3 - 2*q**2 - 4*q + 3. Let w be (-10)/(-65) + (-80)/13. Let a be (-4)/w*-3 + 5. Calculate b(a).
0
Let f(h) = h**2 + h + 10. Suppose 2*v - 3*z - 5 = -4*z, 0 = -v - 4*z + 20. Give f(v).
10
Let k(x) = -x**2 + x + 7. Let c(l) = 2*l**2 - l - 15. Let q(j) = -3*c(j) - 7*k(j). Suppose -2*n + y + 5 = 0, 0*n + 3*n + y = 10. Let v = n + 0. What is q(v)?
-7
Let q(z) = -2*z + 6. Let w be q(4). Let t(v) be the third derivative of -v**5/30 - v**4/8 + 25*v**2. What is t(w)?
-2
Let z(v) = v**2 - 7*v + 5. Let i = -11 - -14. Let a be (18*-1)/(-2) - i. Determine z(a).
-1
Let g(b) be the third derivative of b**8/20160 - b**7/2520 - b**6/240 + b**5/30 - b**2. Let l(f) be the third derivative of g(f). Determine l(3).
0
Let a(c) = c**2 + 8*c + 3. Let x be 66/(-24) - 3/12. What is a(x)?
-12
Let r(n) be the third derivative of n**6/120 + n**5/12 - 5*n**4/24 + n**3/2 + 11*n**2. What is r(-6)?
-3
Let h = -16 - -19. Let l be 3*(4/h - 1). Let g(q) = q**3 - 7*q**2 + q - 1. Let j(y) = y**3 - 6*y**2 + y - 1. Let p(o) = -5*g(o) + 6*j(o). Calculate p(l).
0
Let s(a) = -a**2 - a - 8. Suppose 43*u - 39*u = 0. Calculate s(u).
-8
Let n(c) = -c**2 - c + 4. Suppose -2*b + 2 = -4*j - 0, 3*b = -2*j + 3. Determine n(j).
4
Suppose -2*j + 0 + 4 = 0. Let i(y) = -3 + 0 + 2*y + 1. Give i(j).
2
Let l(q) be the first derivative of -q**2/2 + 4*q - 11. What is l(3)?
1
Let u(t) = -2*t + 0*t - 2 + t. Let c be u(-3). Let a(r) = 3*r - 1 + 7*r + 9*r - 13*r. What is a(c)?
5
Let h be 0 + -3 + 5 + 0. Let g(w) = -1 + w**3 + 0 - 3*w**2 + 6*w - 2*w**h - 3. Calculate g(4).
4
Suppose 0 = 4*n + 3*t + 5 + 3, -1 = -5*n - t. Let b(l) = -l**3 - n + 0 + 3 + l - 5*l**2 + 3*l**2. Suppose -3*a + 0*a - 6 = 0. Give b(a).
0
Let j(i) = 2*i + 8. Let z be ((-4)/6)/(3/(-9)). Suppose 0 = -3*q, 2*q - 4*q = z*d + 12. Let h be j(d). Let s(t) = 2*t + 3. Determine s(h).
-5
Let c(h) = 2*h**2 - h**2 + h**3 - 3*h**2 + h**2. Give c(2).
4
Let d(l) = -3*l**3 - l**2 - 4*l + 1. Let a(n) = -5*n**3 - 2*n**2 - 6*n + 1. Let v(q) = -5*a(q) + 8*d(q). Give v(-3).
0
Let u(k) = k**3 - 4*k**2 + 2*k - 9. Let b be u(4). Let x(t) = 5 - 4 + 3*t**2 + t + t**2. Determine x(b).
4
Let h(m) = -1 - 2*m**2 - 13*m**3 + 3*m**2 + 5*m**3. Let l(f) = -f + 1. Let a be l(-6). Suppose -2 = -5*y - a. What is h(y)?
8
Let k be 6/(-15)*2*-5. Suppose 2*c = 4*c - k. Let u be c/(-14) - (-144)/28. Let j(p) = p**2 - 4*p - 2. What is j(u)?
3
Let b(m) = 3*m**2 + m - 2. Let j(a) = -13*a**2 - 4*a + 7. Let q(r) = 9*b(r) + 2*j(r). Determine q(0).
-4
Let f(t) = 4*t + 2. Let i(j) = -2*j - 1. Let a(w) = 5*w + 2. Let p(b) = -2*a(b) - 7*i(b). Let z(d) = 4*f(d) - 3*p(d). Calculate z(2).
7
Let c(o) = o**3 + 3*o**2 - 6*o - 8. Let p be c(-3). Let t(k) = k**2 - 11*k + 4. Calculate t(p).
-6
Let q(k) = -5*k + 775 - 775. Suppose f - 3 = p + 2, -f - 5*p - 25 = 0. Let l(o) = o + 1. Let m be l(f). Calculate q(m).
-5
Let t(j) = -j**3 - j - 1. Let k be (-4)/(-10)*(8 + 22). Let b = k + -14. Calculate t(b).
9
Let h(d) be the first derivative of d**3/3 - 2*d + 16. Calculate h(-5).
23
Let w(s) = -10*s**3 + 2*s**2 + 6*s - 5. Let j(u) = -u**3 + u**2 + u - 1. Let z(f) = 4*j(f) - w(f). Calculate z(1).
7
Let r be (-1 + 0)/((-4)/12). Suppose -r*c - 10 = -2*u, -u + 2*u - 5 = -5*c. Let i(v) = -v**2 + 7*v - 2. What is i(u)?
8
Let h(a) = a**3 + 4*a**2 - a + 7. Suppose 0 = -g + 5*g + 20. Give h(g).
-13
Let u(o) = 2*o - 2. Suppose 4*v - 18 = 2*k, -v + 4*k = v - 12. Suppose v*z = z + 15. Suppose z*j - j = 8. Give u(j).
2
Let s(i) be the second derivative of i**5/20 + i**4/12 + i**3/6 + 3*i**2 + i - 4. Suppose -5*x = -0*x. What is s(x)?
6
Let a be ((-4)/6)/(4/(-12)). Let n(s) be the first derivative of 6*s + 1/2*s**a + 0*s**3 - 1 - 1/4*s**4. What is n(0)?
6
Let k = -4 - -6. Let w(